{"id":9,"date":"2023-07-29T18:11:24","date_gmt":"2023-07-29T16:11:24","guid":{"rendered":"https:\/\/lebomboline.com\/?page_id=9"},"modified":"2023-10-14T17:52:31","modified_gmt":"2023-10-14T15:52:31","slug":"refund_returns","status":"publish","type":"page","link":"https:\/\/lebomboline.com\/?page_id=9","title":{"rendered":"Rimborso e restituzione"},"content":{"rendered":"\t\t<div data-elementor-type=\"wp-page\" data-elementor-id=\"9\" class=\"elementor elementor-9\">\n\t\t\t\t\t\t\t<div class=\"elementor-element elementor-element-21e06066 e-con-full e-flex e-con e-parent\" data-id=\"21e06066\" data-element_type=\"container\" data-settings=\"{&quot;content_width&quot;:&quot;full&quot;,&quot;background_background&quot;:&quot;classic&quot;}\" data-core-v316-plus=\"true\">\n\t\t\t\t<div class=\"elementor-element elementor-element-4bcccbcb elementor-widget elementor-widget-heading\" data-id=\"4bcccbcb\" data-element_type=\"widget\" data-widget_type=\"heading.default\">\n\t\t\t\t<div class=\"elementor-widget-container\">\n\t\t\t<style>\/*! elementor - v3.18.0 - 08-12-2023 *\/\n.elementor-heading-title{padding:0;margin:0;line-height:1}.elementor-widget-heading .elementor-heading-title[class*=elementor-size-]>a{color:inherit;font-size:inherit;line-height:inherit}.elementor-widget-heading .elementor-heading-title.elementor-size-small{font-size:15px}.elementor-widget-heading .elementor-heading-title.elementor-size-medium{font-size:19px}.elementor-widget-heading .elementor-heading-title.elementor-size-large{font-size:29px}.elementor-widget-heading .elementor-heading-title.elementor-size-xl{font-size:39px}.elementor-widget-heading .elementor-heading-title.elementor-size-xxl{font-size:59px}<\/style><h2 class=\"elementor-heading-title elementor-size-default\">Politica di rimborso e restituzione\n<\/h2>\t\t<\/div>\n\t\t\t\t<\/div>\n\t\t\t\t<\/div>\n\t\t\t\t<section class=\"elementor-section elementor-top-section elementor-element elementor-element-24027f85 elementor-section-boxed elementor-section-height-default elementor-section-height-default\" data-id=\"24027f85\" data-element_type=\"section\">\n\t\t\t\t\t\t<div class=\"elementor-container elementor-column-gap-default\">\n\t\t\t\t\t<div class=\"elementor-column elementor-col-100 elementor-top-column elementor-element elementor-element-3cb89aae\" data-id=\"3cb89aae\" data-element_type=\"column\">\n\t\t\t<div class=\"elementor-widget-wrap elementor-element-populated\">\n\t\t\t\t\t\t\t\t<div class=\"elementor-element elementor-element-29cce65 elementor-widget elementor-widget-text-editor\" data-id=\"29cce65\" data-element_type=\"widget\" data-widget_type=\"text-editor.default\">\n\t\t\t\t<div class=\"elementor-widget-container\">\n\t\t\t<style>\/*! elementor - v3.18.0 - 08-12-2023 *\/\n.elementor-widget-text-editor.elementor-drop-cap-view-stacked .elementor-drop-cap{background-color:#69727d;color:#fff}.elementor-widget-text-editor.elementor-drop-cap-view-framed .elementor-drop-cap{color:#69727d;border:3px solid;background-color:transparent}.elementor-widget-text-editor:not(.elementor-drop-cap-view-default) .elementor-drop-cap{margin-top:8px}.elementor-widget-text-editor:not(.elementor-drop-cap-view-default) .elementor-drop-cap-letter{width:1em;height:1em}.elementor-widget-text-editor .elementor-drop-cap{float:left;text-align:center;line-height:1;font-size:50px}.elementor-widget-text-editor .elementor-drop-cap-letter{display:inline-block}<\/style>\t\t\t\t<p><!-- wp:paragraph --><\/p>\n<p style=\"text-align: center;\"><b><br \/>DIRITTO DI RECESSO:<\/b><\/p>\n<p>\u00a0<\/p>\n<p style=\"text-align: left;\">Le Bomboline vogliono offrire un servizio soddisfacente per i propri acquirenti, per questo la loro politica resi, permette di restituire l\u2019articolo acquistato.<\/p>\n<p style=\"text-align: left;\">Dal momento in cui ricevi l\u2019opera, hai tempo fino a 7 giorni per decidere se conservarla o restituirla, con il rimborso totale del valore d\u2019acquisto.<br \/>Se riscontri qualche problema e vuoi restituire l\u2019opera, contattaci per email o telefono.<\/p>\n<p>La restituzione \u00e8 consentita:<br \/>\u2022 Se l\u2019opera \u00e8 diversa da quella selezionata;<br \/>\u2022 Se l\u2019opera presenta difetti.<\/p>\n<p>Dal giorno in cui ci hai contattato, hai 3 giorni lavorativi per spedire l&#8217;opera d&#8217;arte nella sua confezione originale con certificato di garanzia ben conservato. <br \/>Non spedire l&#8217;opera prima di contattarci; devi prima contattarci.<\/p>\n<p style=\"text-align: left;\">Se non verr\u00e0 comunicata l\u2019intenzione di restituire il prodotto o non spedisci il lavoro entro 3 giorni dalla comunicazione, non avrai diritto a un rimborso.<\/p>\n<p>* Non saranno accettati beni confenzionati su misura o chiaramente personalizzati.<br \/>* Il bene acquistato dovr\u00e0 essere restituito nella confezione originale, completa in tutte le sue parti, compresi documentazione e accessori forniti, in ottime condizioni. <br \/>* L\u2019imballo originale non dovr\u00e0 essere danneggiato n\u00e9 riportare scritture o altri segni visibili.<br \/>*<span class=\"Apple-converted-space\">\u00a0 <\/span>L\u2019opera danneggiata non pu\u00f2 essere rimborsata.<br \/>* Il reso \u00e8 GRATUITO per l\u2019Italia, per le altre nazioni a carico del cliente.<br \/>Se \u00e8 stata scelta una consegna non convenzionale (es. Corriere Espresso), le spese di spedizione non saranno rimborsate.<br \/>* Il rimborso verr\u00e0 effettuato con le stesse modalit\u00e0 di pagamento scelte in fase d\u2019ordine, per qualsiasi altra modalit\u00e0 di pagamento o richiesta particolare, si consiglia di contattarci via email o telefono.<\/p>\n<p><strong>PER UN RESO SICURO:<\/strong><\/p>\n<p style=\"text-align: left;\">Si consiglia di assicurare la confezione originale in una seconda scatola ed utilizzare un\u2019adeguata protezione del prodotto, poich\u00e9 eventuali danneggiamenti o furti sono sotto la responsabilit\u00e0 del cliente. Il diritto di recesso non sar\u00e0 accettato qualora risultino danneggiati o mancanti di sue parti integranti o accessorie o dell&#8217;imballo originale. In tal caso il bene sar\u00e0 restituito al mittente con addebito delle spese di spedizione.<\/p>\n<p><!-- \/wp:paragraph --><\/p>\t\t\t\t\t\t<\/div>\n\t\t\t\t<\/div>\n\t\t\t\t\t<\/div>\n\t\t<\/div>\n\t\t\t\t\t\t\t<\/div>\n\t\t<\/section>\n\t\t\t\t\t\t\t<\/div>\n\t\t","protected":false},"excerpt":{"rendered":"<p>Politica di rimborso e restituzione DIRITTO DI RECESSO: \u00a0 Le Bomboline vogliono offrire un servizio soddisfacente per i propri acquirenti, per questo la loro politica resi, permette di restituire l\u2019articolo acquistato. Dal momento in cui ricevi l\u2019opera, hai tempo fino a 7 giorni per decidere se conservarla o restituirla, con il rimborso totale del valore [&hellip;]<\/p>\n","protected":false},"author":1,"featured_media":0,"parent":0,"menu_order":0,"comment_status":"closed","ping_status":"closed","template":"","meta":{"footnotes":""},"class_list":["post-9","page","type-page","status-publish","hentry"],"_links":{"self":[{"href":"https:\/\/lebomboline.com\/index.php?rest_route=\/wp\/v2\/pages\/9","targetHints":{"allow":["GET"]}}],"collection":[{"href":"https:\/\/lebomboline.com\/index.php?rest_route=\/wp\/v2\/pages"}],"about":[{"href":"https:\/\/lebomboline.com\/index.php?rest_route=\/wp\/v2\/types\/page"}],"author":[{"embeddable":true,"href":"https:\/\/lebomboline.com\/index.php?rest_route=\/wp\/v2\/users\/1"}],"replies":[{"embeddable":true,"href":"https:\/\/lebomboline.com\/index.php?rest_route=%2Fwp%2Fv2%2Fcomments&post=9"}],"version-history":[{"count":43,"href":"https:\/\/lebomboline.com\/index.php?rest_route=\/wp\/v2\/pages\/9\/revisions"}],"predecessor-version":[{"id":7787,"href":"https:\/\/lebomboline.com\/index.php?rest_route=\/wp\/v2\/pages\/9\/revisions\/7787"}],"wp:attachment":[{"href":"https:\/\/lebomboline.com\/index.php?rest_route=%2Fwp%2Fv2%2Fmedia&parent=9"}],"curies":[{"name":"wp","href":"https:\/\/api.w.org\/{rel}","templated":true}]}}